
Is 96 a factor of 268?
False
Is 759 a multiple of 23?
True
Is 4835 a multiple of 9?
False
Does 16 divide 1504?
True
Does 34 divide 9919?
False
Is 71 a factor of 1478?
False
Is 14 a factor of 1432?
False
Is 60 even?
True
Is 42 a factor of 14209?
False
Does 28 divide 22303?
False
Does 30 divide 22650?
True
Is 9 a factor of 637?
False
Is 179 a factor of 47782?
False
Does 8 divide 97424?
True
Is 17 a factor of 2289?
False
Is 780 a multiple of 20?
True
Is 36 a factor of 6184?
False
Is 5487 a multiple of 3?
True
Is 610 a multiple of 10?
True
Is 15 a factor of 135?
True
Is 10 a factor of 370?
True
Is 27 a factor of 108?
True
Is 250 a multiple of 5?
True
Is 65 a factor of 1840?
False
Is 4810 a multiple of 26?
True
Is 597 a multiple of 7?
False
Is 201 a factor of 99093?
True
Is 13 a factor of 1051?
False
Is 149 a factor of 4626?
False
Does 203 divide 33708?
False
Is 1102 a multiple of 81?
False
Is 2638 a multiple of 11?
False
Is 66 a factor of 990?
True
Is 16 a factor of 41816?
False
Is 9606 a multiple of 14?
False
Is 9 a factor of 7100?
False
Is 71 a factor of 213?
True
Does 17 divide 204?
True
Does 12 divide 11316?
True
Does 8 divide 32112?
True
Does 51 divide 4488?
True
Is 2000 a multiple of 4?
True
Is 46 a factor of 2760?
True
Is 2632 a multiple of 90?
False
Is 25955 a multiple of 7?
False
Does 10 divide 4760?
True
Is 21 a factor of 11251?
False
Is 13 a multiple of 2?
False
Does 222 divide 17316?
True
Is 104 a factor of 2496?
True
Is 6 a factor of 1052?
False
Does 36 divide 468?
True
Is 35014 a multiple of 165?
False
Is 712 a multiple of 8?
True
Does 23 divide 690?
True
Is 14 a factor of 588?
True
Is 12 a factor of 9030?
False
Is 154 a factor of 10934?
True
Is 6 a factor of 1247?
False
Is 8293 even?
False
Is 9 a factor of 107?
False
Is 210 a multiple of 70?
True
Is 2 a factor of 289?
False
Is 1560 a multiple of 8?
True
Is 1376 a multiple of 2?
True
Is 838 a multiple of 7?
False
Is 55 a factor of 7205?
True
Is 7352 a multiple of 26?
False
Is 5 a factor of 3175?
True
Does 19 divide 418?
True
Does 10 divide 50135?
False
Does 258 divide 68886?
True
Does 11 divide 341?
True
Is 16 a factor of 928?
True
Is 5 a factor of 1040?
True
Is 23 a factor of 7314?
True
Is 376 a multiple of 12?
False
Is 2 a factor of 409?
False
Is 11 a factor of 704?
True
Does 19 divide 1010?
False
Is 1996 a multiple of 29?
False
Is 4036 a multiple of 5?
False
Does 8 divide 3115?
False
Is 116 a factor of 1453?
False
Is 260 a multiple of 19?
False
Is 38 a factor of 1635?
False
Is 5 a factor of 204?
False
Is 21 a factor of 5271?
True
Is 19502 a multiple of 7?
True
Does 21 divide 64543?
False
Is 96290 a multiple of 85?
False
Is 34232 a multiple of 73?
False
Does 33 divide 2690?
False
Does 38 divide 684?
True
Is 1212 a multiple of 64?
False
Does 34 divide 2176?
True
Is 1180 a multiple of 5?
True
Does 8 divide 1376?
True
Is 8138 a multiple of 31?
False
Is 43 a factor of 4515?
True
Does 168 divide 35112?
True
Is 383 a multiple of 7?
False
Is 36 a factor of 941?
False
Is 3222 a multiple of 25?
False
Is 7804 a multiple of 4?
True
Is 9693 a multiple of 9?
True
Is 816 a multiple of 12?
True
Is 22128 a multiple of 16?
True
Is 86 a factor of 344?
True
Is 71 a factor of 901?
False
Is 68 a factor of 146?
False
Is 69 a factor of 54374?
False
Is 39 a factor of 897?
True
Is 36439 a multiple of 13?
True
Is 2413 a multiple of 127?
True
Does 16 divide 11329?
False
Is 896 a multiple of 36?
False
Is 75 a multiple of 7?
False
Is 11 a factor of 1100?
True
Is 10 a factor of 80?
True
Does 51 divide 816?
True
Does 29 divide 3816?
False
Does 11 divide 8946?
False
Is 334 a multiple of 60?
False
Is 4760 a multiple of 9?
False
Is 5 a factor of 781?
False
Does 5 divide 230?
True
Is 9541 a multiple of 6?
False
Does 9 divide 263?
False
Does 5 divide 151?
False
Does 25 divide 21500?
True
Is 535 a multiple of 4?
False
Is 21289 a multiple of 39?
False
Is 33 a factor of 3234?
True
Is 78 a multiple of 6?
True
Is 26 a factor of 332?
False
Does 53 divide 4081?
True
Is 46092 a multiple of 167?
True
Is 539 a multiple of 20?
False
Is 15 a factor of 263?
False
Is 13 a factor of 8775?
True
Is 496 a multiple of 8?
True
Is 65 a factor of 1361?
False
Is 26 a factor of 2857?
False
Is 11469 a multiple of 9?
False
Does 29 divide 870?
True
Is 14 a factor of 6170?
False
Is 105 a multiple of 21?
True
Does 9 divide 657?
True
Is 159 a multiple of 3?
True
Does 5 divide 33?
False
Does 38 divide 774?
False
Is 18 a factor of 41400?
True
Is 924 a multiple of 77?
True
Does 5 divide 3161?
False
Does 10 divide 780?
True
Is 24 a factor of 57336?
True
Is 99 a factor of 322?
False
Does 10 divide 1972?
False
Does 36 divide 12083?
False
Does 9 divide 156?
False
Does 33 divide 3655?
False
Does 78 divide 1632?
False
Is 8 a factor of 192?
True
Is 210 a multiple of 14?
True
Is 90 a multiple of 5?
True
Is 13 a factor of 13832?
True
Is 5 a factor of 21175?
True
Is 11 a factor of 666?
False
Is 7 a factor of 626?
False
Does 11 divide 2957?
False
Is 16 a factor of 152?
False
Does 3 divide 36?
True
Is 3124 a multiple of 71?
True
Is 204 a factor of 9996?
True
Is 69 a factor of 36198?
False
Does 17 divide 37186?
False
Is 9159 a multiple of 18?
False
Is 32 a factor of 4384?
True
Is 12 a factor of 1872?
True
Does 5 divide 1073?
False
Is 11 a factor of 52404?
True
Does 6 divide 738?
True
Is 2498 a multiple of 18?
False
Is 43 a factor of 7330?
False
Is 12 a factor of 480?
True
Is 5184 a multiple of 18?
True
Is 10 a factor of 256?
False
Is 4557 a multiple of 147?
True
Is 305 a factor of 108018?
False
Is 108082 a multiple of 25?
False
Is 158 a factor of 39095?
False
Does 48 divide 752?
False
Does 16 divide 3932?
False
Is 4 a factor of 160?
True
Is 1648 a multiple of 128?
False
Is 15 a factor of 1665?
True
Is 36 a factor of 108?
True
Does 87 divide 2125?
False
Is 680 a multiple of 17?
True
Is 9 a factor of 10031?
False
Is 62 a factor of 157614?
False
Is 4845 a multiple of 95?
True
Is 865 a multiple of 28?
False
Is 5 a factor of 52?
False
Does 13 divide 78?
True
Does 12 divide 361?
False
Does 32 divide 12288?
True
Is 24408 a multiple of 27?
True
Is 23 a factor of 47295?
False
Does 2 divide 259?
False
Is 1226 a multiple of 16?
False
Is 1825 a multiple of 28?
False
Does 13 divide 3189?
False
Is 106 a factor of 1802?
True
Is 1213 even?
False
Is 174 a factor of 22968?
True
Is 202 a multiple of 2?
True
Does 7 divide 98?
True
Is 14 a factor of 6220?
False
Is 38211 a multiple of 35?
False
Is 9 a factor of 20069?
False
Does 14 divide 2099?
False
Does 3 divide 21?
True
Is 58 a factor of 1302?
False
Is 102 a factor of 62655?
False
Does 7 divide 1207?
False
Is 14883 a multiple of 41?
True
Does 6 divide 9915?
False
Does 45 divide 370?
False
Does 102 divide 29509?
False
Is 5722 a multiple of 30?
False
Is 3 a factor of 13?
False
Is 4 a factor of 36?
True
Does 22 divide 485?
False
Does 14 divide 2646?
True
Does 214 divide 19738?
False
Is 6576 a multiple of 12?
True
Does 11 divide 14304?
False
Does 96 divide 816?
False
Does 363 divide 56487?
False
Is 2 a factor of 151?
False
Does 179 divide 615?
False
Does 9 divide 25137?
True
Does 22 divide 535?
False
Does 15 divide 770?
False
Is 6148 a multiple of 212?
True
Is 958 a multiple of 21?
False
Is 10 a factor of 480?
True
Is 28 a factor of 2364?
False
Does 127 divide 2225?
False
Does 20 divide 1849?
False
Is 50 a multiple of 10?
True
Is 26705 a multiple of 49?
True
Is 9843 a multiple of 56?
False
Does 48 divide 275?
False
Is 4 a factor of 1255?
False
Is 93 a factor of 39321?
False
Is 107 a factor of 22577?
True
Is 1405 even?
False
Is 408 a multiple of 6?
True
Is 6 a factor of 295?
False
Is 720 a multiple of 12?
True
Is 29 a factor of 29?
True
Does 7 divide 77?
True
Is 5 a factor of 483?
False
Does 6 divide 426?
True
Does 12 divide 288?
True
Is 540 a multiple of 6?
True
Is 16796 a multiple of 17?
True
Does 8 divide 176?
True
Does 38 divide 190?
True
Is 3 a factor of 1679?
False
Is 10 a factor of 410?
True
Does 95 divide 10194?
False
Is 1294 a multiple of 83?
False
Is 109361 a multiple of 14?
False
Is 4 a factor of 492?
True
Is 63 a factor of 1345?
False
Does 36 divide 3024?
True
Is 21 a factor of 882?
True
Does 18 divide 550?
False
Does 10 divide 10295?
False
Is 9937 a multiple of 44?
False
Is 30427 a multiple of 14?
False
Does 31 divid